{"id":1129,"date":"2016-01-21T21:07:20","date_gmt":"2016-01-21T20:07:20","guid":{"rendered":"http:\/\/emk-koenigswalde.de\/2015EmK\/?page_id=1129"},"modified":"2017-02-28T21:50:04","modified_gmt":"2017-02-28T20:50:04","slug":"kindergottesdienst","status":"publish","type":"page","link":"https:\/\/emk-koenigswalde.de\/2015EmK\/kreuzkirche\/kinder-mildenau\/kindergottesdienst\/","title":{"rendered":"Kindergottesdienst"},"content":{"rendered":"<p>Es gr\u00fc\u00dfen dich ganz herzlich die Kinder des Mildenauer Kindergottesdienstes. Wir treffen uns jeden Sonntag parallel zum Gottesdienst.<br \/>\nDie Mitarbeiter des Kindergottesdienstes erz\u00e4hlen uns etwas \u00fcber Personen aus der Bibel und was sie mit Gott erlebt haben. Oft spielen und singen wir miteinander. Ein Gemeindefest feiern wir auch jedes Jahr. Hier haben wir zusammen mit den Erwachsenen eine Menge Spa\u00df. Zu Weihnachten studieren wir ein kleines St\u00fcck \u00fcber die Geburt Jesu ein.<br \/>\nSei ganz herzlich eingeladen &#8211; wir freuen uns auf dich.<\/p>\n<p>&nbsp;<\/p>\n<p><span style=\"color: #800080;\">Hier Bilder von den Events:<\/span><\/p>\n<p><a href=\"https:\/\/i0.wp.com\/emk-koenigswalde.de\/2015EmK\/wp-content\/uploads\/2016\/01\/MG_3758-e1482353513662.jpg\"><img data-recalc-dims=\"1\" loading=\"lazy\" decoding=\"async\" data-attachment-id=\"2098\" data-permalink=\"https:\/\/emk-koenigswalde.de\/2015EmK\/kreuzkirche\/kinder-mildenau\/treffpunkt\/_mg_3758\/#main\" data-orig-file=\"https:\/\/i0.wp.com\/emk-koenigswalde.de\/2015EmK\/wp-content\/uploads\/2016\/01\/MG_3758-e1482353513662.jpg?fit=3431%2C2245&amp;ssl=1\" data-orig-size=\"3431,2245\" data-comments-opened=\"0\" data-image-meta=\"{&quot;aperture&quot;:&quot;4&quot;,&quot;credit&quot;:&quot;&quot;,&quot;camera&quot;:&quot;Canon EOS 400D DIGITAL&quot;,&quot;caption&quot;:&quot;&quot;,&quot;created_timestamp&quot;:&quot;1381659935&quot;,&quot;copyright&quot;:&quot;&quot;,&quot;focal_length&quot;:&quot;18&quot;,&quot;iso&quot;:&quot;800&quot;,&quot;shutter_speed&quot;:&quot;0.016666666666667&quot;,&quot;title&quot;:&quot;&quot;,&quot;orientation&quot;:&quot;1&quot;}\" data-image-title=\"_MG_3758\" data-image-description=\"\" data-image-caption=\"\" data-large-file=\"https:\/\/i0.wp.com\/emk-koenigswalde.de\/2015EmK\/wp-content\/uploads\/2016\/01\/MG_3758-e1482353513662.jpg?fit=720%2C471&amp;ssl=1\" class=\"alignnone size-medium wp-image-2098\" src=\"https:\/\/i0.wp.com\/emk-koenigswalde.de\/2015EmK\/wp-content\/uploads\/2016\/01\/MG_3758-e1482353513662-300x196.jpg?resize=300%2C196\" alt=\"\" width=\"300\" height=\"196\" srcset=\"https:\/\/i0.wp.com\/emk-koenigswalde.de\/2015EmK\/wp-content\/uploads\/2016\/01\/MG_3758-e1482353513662.jpg?resize=300%2C196&amp;ssl=1 300w, https:\/\/i0.wp.com\/emk-koenigswalde.de\/2015EmK\/wp-content\/uploads\/2016\/01\/MG_3758-e1482353513662.jpg?resize=768%2C503&amp;ssl=1 768w, https:\/\/i0.wp.com\/emk-koenigswalde.de\/2015EmK\/wp-content\/uploads\/2016\/01\/MG_3758-e1482353513662.jpg?resize=1024%2C670&amp;ssl=1 1024w, https:\/\/i0.wp.com\/emk-koenigswalde.de\/2015EmK\/wp-content\/uploads\/2016\/01\/MG_3758-e1482353513662.jpg?w=1440 1440w, https:\/\/i0.wp.com\/emk-koenigswalde.de\/2015EmK\/wp-content\/uploads\/2016\/01\/MG_3758-e1482353513662.jpg?w=2160 2160w\" sizes=\"auto, (max-width: 300px) 100vw, 300px\" \/><\/a><a href=\"https:\/\/i0.wp.com\/emk-koenigswalde.de\/2015EmK\/wp-content\/uploads\/2016\/01\/024.jpg\"> \u00a0 \u00a0 \u00a0 \u00a0 \u00a0 \u00a0 <img data-recalc-dims=\"1\" loading=\"lazy\" decoding=\"async\" data-attachment-id=\"2099\" data-permalink=\"https:\/\/emk-koenigswalde.de\/2015EmK\/kreuzkirche\/kinder-mildenau\/treffpunkt\/attachment\/024\/#main\" data-orig-file=\"https:\/\/i0.wp.com\/emk-koenigswalde.de\/2015EmK\/wp-content\/uploads\/2016\/01\/024.jpg?fit=5472%2C3648&amp;ssl=1\" data-orig-size=\"5472,3648\" data-comments-opened=\"0\" data-image-meta=\"{&quot;aperture&quot;:&quot;8&quot;,&quot;credit&quot;:&quot;&quot;,&quot;camera&quot;:&quot;Canon EOS 70D&quot;,&quot;caption&quot;:&quot;&quot;,&quot;created_timestamp&quot;:&quot;1450629441&quot;,&quot;copyright&quot;:&quot;&quot;,&quot;focal_length&quot;:&quot;17&quot;,&quot;iso&quot;:&quot;400&quot;,&quot;shutter_speed&quot;:&quot;0.076923076923077&quot;,&quot;title&quot;:&quot;&quot;,&quot;orientation&quot;:&quot;0&quot;}\" data-image-title=\"024\" data-image-description=\"\" data-image-caption=\"\" data-large-file=\"https:\/\/i0.wp.com\/emk-koenigswalde.de\/2015EmK\/wp-content\/uploads\/2016\/01\/024.jpg?fit=720%2C480&amp;ssl=1\" class=\"alignnone size-medium wp-image-2099\" src=\"https:\/\/i0.wp.com\/emk-koenigswalde.de\/2015EmK\/wp-content\/uploads\/2016\/01\/024.jpg?resize=300%2C200\" alt=\"\" width=\"300\" height=\"200\" srcset=\"https:\/\/i0.wp.com\/emk-koenigswalde.de\/2015EmK\/wp-content\/uploads\/2016\/01\/024.jpg?resize=300%2C200&amp;ssl=1 300w, https:\/\/i0.wp.com\/emk-koenigswalde.de\/2015EmK\/wp-content\/uploads\/2016\/01\/024.jpg?resize=768%2C512&amp;ssl=1 768w, https:\/\/i0.wp.com\/emk-koenigswalde.de\/2015EmK\/wp-content\/uploads\/2016\/01\/024.jpg?resize=1024%2C683&amp;ssl=1 1024w, https:\/\/i0.wp.com\/emk-koenigswalde.de\/2015EmK\/wp-content\/uploads\/2016\/01\/024.jpg?resize=272%2C182&amp;ssl=1 272w, https:\/\/i0.wp.com\/emk-koenigswalde.de\/2015EmK\/wp-content\/uploads\/2016\/01\/024.jpg?w=1440 1440w, https:\/\/i0.wp.com\/emk-koenigswalde.de\/2015EmK\/wp-content\/uploads\/2016\/01\/024.jpg?w=2160 2160w\" sizes=\"auto, (max-width: 300px) 100vw, 300px\" \/>\u00a0\u00a0\u00a0\u00a0\u00a0\u00a0\u00a0\u00a0\u00a0 <\/a><\/p>\n<p><span style=\"color: #ff9900;\">-Wochenendfreizeit in Scheibenberg 2013-\u00a0\u00a0\u00a0\u00a0\u00a0\u00a0\u00a0\u00a0\u00a0\u00a0\u00a0 \u00a0 \u00a0 \u00a0 \u00a0 \u00a0 \u00a0 \u00a0 \u00a0\u00a0<span style=\"color: #333399;\"> &#8211; Krippenspiel 2015 &#8211;<\/span><\/span><\/p>\n","protected":false},"excerpt":{"rendered":"<p>Es gr\u00fc\u00dfen dich ganz herzlich die Kinder des Mildenauer Kindergottesdienstes. Wir treffen uns jeden Sonntag parallel zum Gottesdienst. Die Mitarbeiter des Kindergottesdienstes erz\u00e4hlen uns etwas \u00fcber Personen aus der Bibel und was sie mit Gott erlebt haben. Oft spielen und singen wir miteinander. Ein Gemeindefest feiern wir auch jedes Jahr. Hier haben wir zusammen mit [&hellip;]<\/p>\n","protected":false},"author":1,"featured_media":0,"parent":6,"menu_order":0,"comment_status":"closed","ping_status":"closed","template":"","meta":{"_bbp_topic_count":0,"_bbp_reply_count":0,"_bbp_total_topic_count":0,"_bbp_total_reply_count":0,"_bbp_voice_count":0,"_bbp_anonymous_reply_count":0,"_bbp_topic_count_hidden":0,"_bbp_reply_count_hidden":0,"_bbp_forum_subforum_count":0,"footnotes":""},"class_list":["post-1129","page","type-page","status-publish","hentry","post"],"jetpack_sharing_enabled":true,"jetpack_shortlink":"https:\/\/wp.me\/Paj5Uq-id","jetpack-related-posts":[],"_links":{"self":[{"href":"https:\/\/emk-koenigswalde.de\/2015EmK\/wp-json\/wp\/v2\/pages\/1129","targetHints":{"allow":["GET"]}}],"collection":[{"href":"https:\/\/emk-koenigswalde.de\/2015EmK\/wp-json\/wp\/v2\/pages"}],"about":[{"href":"https:\/\/emk-koenigswalde.de\/2015EmK\/wp-json\/wp\/v2\/types\/page"}],"author":[{"embeddable":true,"href":"https:\/\/emk-koenigswalde.de\/2015EmK\/wp-json\/wp\/v2\/users\/1"}],"replies":[{"embeddable":true,"href":"https:\/\/emk-koenigswalde.de\/2015EmK\/wp-json\/wp\/v2\/comments?post=1129"}],"version-history":[{"count":8,"href":"https:\/\/emk-koenigswalde.de\/2015EmK\/wp-json\/wp\/v2\/pages\/1129\/revisions"}],"predecessor-version":[{"id":2497,"href":"https:\/\/emk-koenigswalde.de\/2015EmK\/wp-json\/wp\/v2\/pages\/1129\/revisions\/2497"}],"up":[{"embeddable":true,"href":"https:\/\/emk-koenigswalde.de\/2015EmK\/wp-json\/wp\/v2\/pages\/6"}],"wp:attachment":[{"href":"https:\/\/emk-koenigswalde.de\/2015EmK\/wp-json\/wp\/v2\/media?parent=1129"}],"curies":[{"name":"wp","href":"https:\/\/api.w.org\/{rel}","templated":true}]}}