{"id":2392,"date":"2017-02-27T21:13:35","date_gmt":"2017-02-27T20:13:35","guid":{"rendered":"http:\/\/emk-koenigswalde.de\/2015EmK\/?page_id=2392"},"modified":"2024-03-01T14:35:20","modified_gmt":"2024-03-01T13:35:20","slug":"hauskreise","status":"publish","type":"page","link":"https:\/\/emk-koenigswalde.de\/2015EmK\/kreuzkirche\/hauskreise\/","title":{"rendered":"Hauskreise"},"content":{"rendered":"<p>Die Hauskreise bzw. Gemeindegruppen sind Kleingruppen. Die Teilnehmer treffen sich zum gemeinsamen Bibellesen und Beten.<br \/>\nDiese kleinen Gespr\u00e4chsgruppen bieten in vertrauensvoller Umgebung M\u00f6glichkeiten zum Austausch \u00fcber das Wort Gottes, aber auch von Begegnungen und Erlebnissen mit Gott zu h\u00f6ren oder zu erz\u00e4hlen.<\/p>\n<p>Die Ansprechpartner f\u00fcr die Hauskreise sind:<a href=\"https:\/\/i0.wp.com\/emk-koenigswalde.de\/2015EmK\/wp-content\/uploads\/2024\/03\/lotz_20131224_53237-scaled.jpg\"><img data-recalc-dims=\"1\" loading=\"lazy\" decoding=\"async\" data-attachment-id=\"6811\" data-permalink=\"https:\/\/emk-koenigswalde.de\/2015EmK\/kreuzkirche\/hauskreise\/lotz_20131224_53237\/#main\" data-orig-file=\"https:\/\/i0.wp.com\/emk-koenigswalde.de\/2015EmK\/wp-content\/uploads\/2024\/03\/lotz_20131224_53237-scaled.jpg?fit=2560%2C2560&amp;ssl=1\" data-orig-size=\"2560,2560\" data-comments-opened=\"0\" data-image-meta=\"{&quot;aperture&quot;:&quot;0&quot;,&quot;credit&quot;:&quot;Stefan Lotz&quot;,&quot;camera&quot;:&quot;&quot;,&quot;caption&quot;:&quot;&quot;,&quot;created_timestamp&quot;:&quot;&quot;,&quot;copyright&quot;:&quot;(C) 2013 Stefan Lotz, all rights reserved&quot;,&quot;focal_length&quot;:&quot;0&quot;,&quot;iso&quot;:&quot;0&quot;,&quot;shutter_speed&quot;:&quot;0&quot;,&quot;title&quot;:&quot;lotz_20131224_53237&quot;,&quot;orientation&quot;:&quot;0&quot;}\" data-image-title=\"lotz_20131224_53237\" data-image-description=\"\" data-image-caption=\"\" data-large-file=\"https:\/\/i0.wp.com\/emk-koenigswalde.de\/2015EmK\/wp-content\/uploads\/2024\/03\/lotz_20131224_53237-scaled.jpg?fit=720%2C720&amp;ssl=1\" class=\"wp-image-6811 alignleft\" src=\"https:\/\/i0.wp.com\/emk-koenigswalde.de\/2015EmK\/wp-content\/uploads\/2024\/03\/lotz_20131224_53237.jpg?resize=128%2C128\" alt=\"\" width=\"128\" height=\"128\" srcset=\"https:\/\/i0.wp.com\/emk-koenigswalde.de\/2015EmK\/wp-content\/uploads\/2024\/03\/lotz_20131224_53237-scaled.jpg?resize=300%2C300&amp;ssl=1 300w, https:\/\/i0.wp.com\/emk-koenigswalde.de\/2015EmK\/wp-content\/uploads\/2024\/03\/lotz_20131224_53237-scaled.jpg?resize=1024%2C1024&amp;ssl=1 1024w, https:\/\/i0.wp.com\/emk-koenigswalde.de\/2015EmK\/wp-content\/uploads\/2024\/03\/lotz_20131224_53237-scaled.jpg?resize=150%2C150&amp;ssl=1 150w, https:\/\/i0.wp.com\/emk-koenigswalde.de\/2015EmK\/wp-content\/uploads\/2024\/03\/lotz_20131224_53237-scaled.jpg?resize=768%2C768&amp;ssl=1 768w, https:\/\/i0.wp.com\/emk-koenigswalde.de\/2015EmK\/wp-content\/uploads\/2024\/03\/lotz_20131224_53237-scaled.jpg?resize=1536%2C1536&amp;ssl=1 1536w, https:\/\/i0.wp.com\/emk-koenigswalde.de\/2015EmK\/wp-content\/uploads\/2024\/03\/lotz_20131224_53237-scaled.jpg?resize=2048%2C2048&amp;ssl=1 2048w, https:\/\/i0.wp.com\/emk-koenigswalde.de\/2015EmK\/wp-content\/uploads\/2024\/03\/lotz_20131224_53237-scaled.jpg?w=1440 1440w, https:\/\/i0.wp.com\/emk-koenigswalde.de\/2015EmK\/wp-content\/uploads\/2024\/03\/lotz_20131224_53237-scaled.jpg?w=2160 2160w\" sizes=\"auto, (max-width: 128px) 100vw, 128px\" \/><\/a><\/p>\n<p>Christian Hertel, Tel. 03733\/556940<\/p>\n<p>Sandra Mauersberger 03733\/542454<\/p>\n<p>Michael und Carola Colditz 03733\/288225<\/p>\n","protected":false},"excerpt":{"rendered":"<p>Die Hauskreise bzw. Gemeindegruppen sind Kleingruppen. Die Teilnehmer treffen sich zum gemeinsamen Bibellesen und Beten. Diese kleinen Gespr\u00e4chsgruppen bieten in vertrauensvoller Umgebung M\u00f6glichkeiten zum Austausch \u00fcber das Wort Gottes, aber auch von Begegnungen und Erlebnissen mit Gott zu h\u00f6ren oder zu erz\u00e4hlen. Die Ansprechpartner f\u00fcr die Hauskreise sind: Christian Hertel, Tel. 03733\/556940 Sandra Mauersberger 03733\/542454 [&hellip;]<\/p>\n","protected":false},"author":1,"featured_media":6811,"parent":41,"menu_order":0,"comment_status":"closed","ping_status":"closed","template":"","meta":{"_bbp_topic_count":0,"_bbp_reply_count":0,"_bbp_total_topic_count":0,"_bbp_total_reply_count":0,"_bbp_voice_count":0,"_bbp_anonymous_reply_count":0,"_bbp_topic_count_hidden":0,"_bbp_reply_count_hidden":0,"_bbp_forum_subforum_count":0,"footnotes":""},"class_list":["post-2392","page","type-page","status-publish","has-post-thumbnail","hentry","post","post-with-thumbnail","post-with-thumbnail-large"],"jetpack_sharing_enabled":true,"jetpack_shortlink":"https:\/\/wp.me\/Paj5Uq-CA","jetpack-related-posts":[],"_links":{"self":[{"href":"https:\/\/emk-koenigswalde.de\/2015EmK\/wp-json\/wp\/v2\/pages\/2392","targetHints":{"allow":["GET"]}}],"collection":[{"href":"https:\/\/emk-koenigswalde.de\/2015EmK\/wp-json\/wp\/v2\/pages"}],"about":[{"href":"https:\/\/emk-koenigswalde.de\/2015EmK\/wp-json\/wp\/v2\/types\/page"}],"author":[{"embeddable":true,"href":"https:\/\/emk-koenigswalde.de\/2015EmK\/wp-json\/wp\/v2\/users\/1"}],"replies":[{"embeddable":true,"href":"https:\/\/emk-koenigswalde.de\/2015EmK\/wp-json\/wp\/v2\/comments?post=2392"}],"version-history":[{"count":4,"href":"https:\/\/emk-koenigswalde.de\/2015EmK\/wp-json\/wp\/v2\/pages\/2392\/revisions"}],"predecessor-version":[{"id":6814,"href":"https:\/\/emk-koenigswalde.de\/2015EmK\/wp-json\/wp\/v2\/pages\/2392\/revisions\/6814"}],"up":[{"embeddable":true,"href":"https:\/\/emk-koenigswalde.de\/2015EmK\/wp-json\/wp\/v2\/pages\/41"}],"wp:featuredmedia":[{"embeddable":true,"href":"https:\/\/emk-koenigswalde.de\/2015EmK\/wp-json\/wp\/v2\/media\/6811"}],"wp:attachment":[{"href":"https:\/\/emk-koenigswalde.de\/2015EmK\/wp-json\/wp\/v2\/media?parent=2392"}],"curies":[{"name":"wp","href":"https:\/\/api.w.org\/{rel}","templated":true}]}}